{"id":6856,"date":"2007-08-19T20:11:57","date_gmt":"2007-08-19T18:41:57","guid":{"rendered":"http:\/\/www.kmjk.se\/?page_id=10"},"modified":"2021-04-15T13:46:33","modified_gmt":"2021-04-15T12:16:33","slug":"kontakta-oss","status":"publish","type":"page","link":"https:\/\/kmjk.se\/?page_id=6856","title":{"rendered":"Kontakta oss"},"content":{"rendered":"<p><strong>Vill du ha kontakt med n\u00e5gon i f\u00f6reningen?<br \/>\n<\/strong><em>Anv\u00e4nd d\u00e5 detta formul\u00e4r! Webmaster vidarebefodrar alla mail till personen i fr\u00e5ga.<\/em><\/p>\n<div class=\"wpforms-container wpforms-container-full\" id=\"wpforms-8215\"><form id=\"wpforms-form-8215\" class=\"wpforms-validate wpforms-form\" data-formid=\"8215\" method=\"post\" enctype=\"multipart\/form-data\" action=\"\/index.php?rest_route=%2Fwp%2Fv2%2Fpages%2F6856\" data-token=\"678c6ef48af00a5a049193a569dfc305\" data-token-time=\"1776616601\"><noscript class=\"wpforms-error-noscript\">Aktivera JavaScript i din webbl\u00e4sare f\u00f6r att fylla i formul\u00e4ret.<\/noscript><div class=\"wpforms-field-container\"><div id=\"wpforms-8215-field_0-container\" class=\"wpforms-field wpforms-field-name\" data-field-id=\"0\"><label class=\"wpforms-field-label\" for=\"wpforms-8215-field_0\">Namn <span class=\"wpforms-required-label\">*<\/span><\/label><input type=\"text\" id=\"wpforms-8215-field_0\" class=\"wpforms-field-medium wpforms-field-required\" name=\"wpforms[fields][0]\" required><\/div><div id=\"wpforms-8215-field_1-container\" class=\"wpforms-field wpforms-field-email\" data-field-id=\"1\"><label class=\"wpforms-field-label\" for=\"wpforms-8215-field_1\">Epost <span class=\"wpforms-required-label\">*<\/span><\/label><input type=\"email\" id=\"wpforms-8215-field_1\" class=\"wpforms-field-medium wpforms-field-required\" name=\"wpforms[fields][1]\" spellcheck=\"false\" required><\/div><div id=\"wpforms-8215-field_2-container\" class=\"wpforms-field wpforms-field-textarea\" data-field-id=\"2\"><label class=\"wpforms-field-label\" for=\"wpforms-8215-field_2\">Ditt meddelande <span class=\"wpforms-required-label\">*<\/span><\/label><textarea id=\"wpforms-8215-field_2\" class=\"wpforms-field-medium wpforms-field-required\" name=\"wpforms[fields][2]\" required><\/textarea><\/div><\/div><!-- .wpforms-field-container --><div class=\"wpforms-submit-container\" ><input type=\"hidden\" name=\"wpforms[id]\" value=\"8215\"><input type=\"hidden\" name=\"page_title\" value=\"\"><input type=\"hidden\" name=\"page_url\" value=\"https:\/\/kmjk.se\/index.php?rest_route=\/wp\/v2\/pages\/6856\"><input type=\"hidden\" name=\"url_referer\" value=\"\"><button type=\"submit\" name=\"wpforms[submit]\" id=\"wpforms-submit-8215\" class=\"wpforms-submit\" data-alt-text=\"Ditt meddelande skickas\" data-submit-text=\"Skicka ditt meddelande\" aria-live=\"assertive\" value=\"wpforms-submit\">Skicka ditt meddelande<\/button><\/div><\/form><\/div>  <!-- .wpforms-container -->\n<p>&nbsp;<\/p>\n<p>&nbsp;<\/p>\n<p>&nbsp;<\/p>\n<p>&nbsp;<\/p>\n<p>&nbsp;<\/p>\n<p>&nbsp;<\/p>\n<p>&nbsp;<\/p>\n<p>&nbsp;<\/p>\n","protected":false},"excerpt":{"rendered":"<div class=\"mh-excerpt\"><p>Vill du ha kontakt med n\u00e5gon i f\u00f6reningen? Anv\u00e4nd d\u00e5 detta formul\u00e4r! Webmaster vidarebefodrar alla mail till personen i fr\u00e5ga. &nbsp; &nbsp; &nbsp; &nbsp; &nbsp; &nbsp; &nbsp; &nbsp;<\/p>\n<\/div>","protected":false},"author":1,"featured_media":0,"parent":0,"menu_order":0,"comment_status":"closed","ping_status":"closed","template":"template-full.php","meta":{"_uag_custom_page_level_css":"","ngg_post_thumbnail":0,"footnotes":""},"class_list":["post-6856","page","type-page","status-publish","hentry"],"uagb_featured_image_src":{"full":false,"thumbnail":false,"medium":false,"medium_large":false,"large":false,"1536x1536":false,"2048x2048":false,"mh-magazine-lite-slider":false,"mh-magazine-lite-content":false,"mh-magazine-lite-large":false,"mh-magazine-lite-medium":false,"mh-magazine-lite-small":false},"uagb_author_info":{"display_name":"Webmaster KMJK","author_link":"https:\/\/kmjk.se\/?author=1"},"uagb_comment_info":0,"uagb_excerpt":"Vill du ha kontakt med n\u00e5gon i f\u00f6reningen? Anv\u00e4nd d\u00e5 detta formul\u00e4r! Webmaster vidarebefodrar alla mail till personen i fr\u00e5ga. &nbsp; &nbsp; &nbsp; &nbsp; &nbsp; &nbsp; &nbsp; &nbsp;","_links":{"self":[{"href":"https:\/\/kmjk.se\/index.php?rest_route=\/wp\/v2\/pages\/6856","targetHints":{"allow":["GET"]}}],"collection":[{"href":"https:\/\/kmjk.se\/index.php?rest_route=\/wp\/v2\/pages"}],"about":[{"href":"https:\/\/kmjk.se\/index.php?rest_route=\/wp\/v2\/types\/page"}],"author":[{"embeddable":true,"href":"https:\/\/kmjk.se\/index.php?rest_route=\/wp\/v2\/users\/1"}],"replies":[{"embeddable":true,"href":"https:\/\/kmjk.se\/index.php?rest_route=%2Fwp%2Fv2%2Fcomments&post=6856"}],"version-history":[{"count":3,"href":"https:\/\/kmjk.se\/index.php?rest_route=\/wp\/v2\/pages\/6856\/revisions"}],"predecessor-version":[{"id":8216,"href":"https:\/\/kmjk.se\/index.php?rest_route=\/wp\/v2\/pages\/6856\/revisions\/8216"}],"wp:attachment":[{"href":"https:\/\/kmjk.se\/index.php?rest_route=%2Fwp%2Fv2%2Fmedia&parent=6856"}],"curies":[{"name":"wp","href":"https:\/\/api.w.org\/{rel}","templated":true}]}}